{"id":8760,"date":"2025-06-23T08:14:05","date_gmt":"2025-06-23T11:14:05","guid":{"rendered":"https:\/\/tallerestintoretto.com\/labs\/?page_id=8760"},"modified":"2025-06-23T14:40:50","modified_gmt":"2025-06-23T17:40:50","slug":"manifesto","status":"publish","type":"page","link":"https:\/\/tallerestintoretto.com\/labs\/it\/manifesto\/","title":{"rendered":"Manifesto Laboratorio d\u2019Arte Tintoretto"},"content":{"rendered":"\n<p><strong>Tutti diamo forma allo spazio espressivo a cui apparteniamo<\/strong>. Per questo motivo, le proposte del laboratorio sono flessibili e adattate a ogni incontro, momento, luogo e partecipante. Crediamo che ci\u00f2 che si esprime e si condivide debba risuonare con la realt\u00e0 di ciascun partecipante, e che la teoria debba necessariamente acquisire significato nella materialit\u00e0 del fare: se parliamo di colori primari, ci deve essere un perch\u00e9, una dimostrazione. Se parliamo di mescolanze, altrettanto. Sottolineando ancora di pi\u00f9 questa dimensione situata, terremo conto, prima di tutto, delle dinamiche interne del gruppo \u2014 compreso il facilitatore \u2014 e di ci\u00f2 che ogni partecipante pu\u00f2 offrire o innescare.<br><\/p>\n\n\n\n<p><strong>Consideriamo l\u2019arte e il fare artistico come pratiche comunitarie<\/strong>. \u00abCi\u00f2 che lasciamo sul foglio\u00bb, la nostra espressione condivisa, pu\u00f2 aiutare qualcun altro che magari non riesce a trovare il modo di esprimersi. Per questo, cercheremo di intrecciare e valorizzare reciprocamente le risorse espressive, cognitive e visive dei partecipanti. Cos\u00ec, la parola, l\u2019azione e il consiglio di un compagno potranno essere preziosi quanto quelli del facilitatore del laboratorio, e l\u2019atteggiamento e il comportamento di ciascuno avranno un impatto non solo nei momenti di presentazione o confronto, ma anche in quelli di produzione.<\/p>\n\n\n\n<p>Per questo, le indagini \u2014 visive o tecniche \u2014, i feedback e le decisioni da intraprendere non saranno, salvo rari casi eccezionali, individuali, bens\u00ec collettive.<\/p>\n\n\n\n<p>Da questa comunit\u00e0 situata, cercheremo di raggiungerne altre: le produzioni degli attuali partecipanti saranno un\u2019eredit\u00e0 per chi verr\u00e0, mediando \u2014 alla luce delle loro emozioni e del loro fare \u2014 anche con opere e correnti artistiche che ci hanno preceduto o che si trovano al di l\u00e0 della nostra immediatezza.<\/p>\n\n\n\n<p><strong>A Tintoretto, impariamo tutti da tutti<\/strong> \u2014 in particolare il facilitatore, che porta con s\u00e9 un certo bagaglio concettuale \u2014 e diamo forma, insieme, allo spazio che abiteremo. Senza dimenticare che:<\/p>\n\n\n\n<ul class=\"wp-block-list\">\n<li><strong>Nulla si costruisce da soli<\/strong><\/li>\n\n\n\n<li>Senza chi arriva, non c\u2019\u00e8 incontro<\/li>\n\n\n\n<li>Senza chi domanda, non c\u2019\u00e8 risposta<\/li>\n\n\n\n<li>Senza chi cerca, non c\u2019\u00e8 scoperta<\/li>\n\n\n\n<li>Senza chi immagina, non c\u2019\u00e8 futuro<\/li>\n<\/ul>\n\n\n\n<p><strong>Concepiamo l\u2019arte come attualit\u00e0<\/strong>, come mezzo per esprimere e riconoscere il nostro presente. In questo senso, poniamo particolare enfasi sui nostri corpi come veicoli dell\u2019esperienza. (L\u2019arte inizia nel corpo \u2014 e il corpo include anche la testa.) Crediamo che la rappresentazione \u2014 materiale o mentale \u2014 debba generare un\u2019esperienza espressiva che indaghi proprio questi punti. Cercheremo di dar vita a dei \u00abriti di significazione\u00bb, di interpretazione del mondo, intesi come possibilit\u00e0 di esprimere ci\u00f2 che ci accade, nel tentativo di prevenire o attenuare risposte che potrebbero danneggiarci o danneggiare gli altri.<\/p>\n\n\n\n<p>Negli incontri quotidiani, l\u2019esposizione a stimoli visivi e il dialogo durante le presentazioni avranno un ruolo centrale, pi\u00f9 ancora della comprensione compiuta, del ragionamento strutturato, della tecnica e della sua imitazione, o anche delle produzioni in s\u00e9. Intenderemo la tecnica come un insieme di strumenti per dar forma a ci\u00f2 che abbiamo immaginato, ampliando cos\u00ec la nostra libert\u00e0 espressiva e il nostro modo di usare i materiali. Come il timone di una nave, la tecnica deve guidarci in una navigazione attenta, sensibile e in costante dialogo con ci\u00f2 che ci circonda e con noi stessi<strong>[1]<\/strong>.<\/p>\n\n\n\n<p>Diego Baigorri<br>\u00a9 2022-2025<\/p>\n\n\n\n<hr class=\"wp-block-separator has-alpha-channel-opacity\" \/>\n\n\n\n<p><strong>[1]<\/strong> Si fa riferimento a \u03ba\u03c5\u03b2\u03b5\u03c1\u03bd\u1fb6\u03bd, in greco antico, \u00abgovernare\u00bb o \u00abguidare una nave\u00bb. Per Platone, il buon governante \u00e8 come un timoniere: sa leggere i venti, regolare il timone e adattarsi al movimento del mare. Cos\u00ec intendiamo la tecnica nell\u2019arte: una navigazione attenta, sensibile e situata.<\/p>\n\n\n\n<div style=\"height:30px\" aria-hidden=\"true\" class=\"wp-block-spacer\"><\/div>\n\n\n\n<p><a href=\"https:\/\/tallerestintoretto.com\/labs\/it\/mappa\/\" data-type=\"page\" data-id=\"8988\"><strong>Mappa del sito<\/strong><\/a><\/p>\n\n\n\n<p>> <strong>Sezioni<\/strong>: <a href=\"https:\/\/tallerestintoretto.com\/labs\/it\/\" data-type=\"page\" data-id=\"8719\">Home<\/a> | <a href=\"https:\/\/tallerestintoretto.com\/labs\/it\/tintoretto\/\" data-type=\"page\" data-id=\"8757\">Tintoretto<\/a> | <a href=\"https:\/\/tallerestintoretto.com\/labs\/it\/manifesto\/\" data-type=\"page\" data-id=\"8760\">Manifesto<\/a> | <a href=\"https:\/\/tallerestintoretto.com\/labs\/it\/edizioni\/\" data-type=\"page\" data-id=\"8767\">Edizioni<\/a><\/p>\n\n\n\n<blockquote class=\"wp-block-quote is-layout-flow wp-block-quote-is-layout-flow\">\n<blockquote class=\"wp-block-quote is-layout-flow wp-block-quote-is-layout-flow\">\n<p><\/p>\n<\/blockquote>\n<\/blockquote>\n","protected":false},"excerpt":{"rendered":"<p>Tutti diamo forma allo spazio espressivo a cui apparteniamo. Per questo motivo, le proposte del laboratorio sono flessibili e adattate a ogni incontro, momento, luogo e partecipante. Crediamo che ci\u00f2 che si esprime e si condivide debba risuonare con la realt\u00e0 di ciascun partecipante, e che la teoria debba necessariamente acquisire significato nella materialit\u00e0 del [&hellip;]<\/p>\n","protected":false},"author":96739695,"featured_media":0,"parent":8719,"menu_order":0,"comment_status":"closed","ping_status":"closed","template":"","meta":{"footnotes":""},"class_list":["post-8760","page","type-page","status-publish","hentry"],"_links":{"self":[{"href":"https:\/\/tallerestintoretto.com\/labs\/wp-json\/wp\/v2\/pages\/8760","targetHints":{"allow":["GET"]}}],"collection":[{"href":"https:\/\/tallerestintoretto.com\/labs\/wp-json\/wp\/v2\/pages"}],"about":[{"href":"https:\/\/tallerestintoretto.com\/labs\/wp-json\/wp\/v2\/types\/page"}],"author":[{"embeddable":true,"href":"https:\/\/tallerestintoretto.com\/labs\/wp-json\/wp\/v2\/users\/96739695"}],"replies":[{"embeddable":true,"href":"https:\/\/tallerestintoretto.com\/labs\/wp-json\/wp\/v2\/comments?post=8760"}],"version-history":[{"count":4,"href":"https:\/\/tallerestintoretto.com\/labs\/wp-json\/wp\/v2\/pages\/8760\/revisions"}],"predecessor-version":[{"id":8889,"href":"https:\/\/tallerestintoretto.com\/labs\/wp-json\/wp\/v2\/pages\/8760\/revisions\/8889"}],"up":[{"embeddable":true,"href":"https:\/\/tallerestintoretto.com\/labs\/wp-json\/wp\/v2\/pages\/8719"}],"wp:attachment":[{"href":"https:\/\/tallerestintoretto.com\/labs\/wp-json\/wp\/v2\/media?parent=8760"}],"curies":[{"name":"wp","href":"https:\/\/api.w.org\/{rel}","templated":true}]}}