{"id":8041,"date":"2025-04-10T18:46:08","date_gmt":"2025-04-10T16:46:08","guid":{"rendered":"https:\/\/tallerestintoretto.com\/labs\/?page_id=8041"},"modified":"2025-06-23T08:20:34","modified_gmt":"2025-06-23T11:20:34","slug":"manifiesto","status":"publish","type":"page","link":"https:\/\/tallerestintoretto.com\/labs\/es\/manifiesto\/","title":{"rendered":"Manifiesto Laboratorio d\u2019Arte &#8211; Talleres Tintoretto"},"content":{"rendered":"\n<p><strong>Todos damos forma al espacio expresivo al que pertenecemos.<\/strong> Por este motivo, las propuestas del taller son flexibles y situadas seg\u00fan cada encuentro, momento, lugar y asistentes. Creemos que lo expuesto y lo dialogado deben resonar con la realidad de cada participante, y que la teor\u00eda, necesariamente, debe cobrar sentido en la materialidad del hacer: si hablamos de colores primarios, debe haber un porqu\u00e9, una demostraci\u00f3n. Si hablamos de mezclas, tambi\u00e9n. Enfatizando a\u00fan m\u00e1s esta situacionalidad, tendremos en cuenta, primordialmente, las din\u00e1micas internas del grupo \u2014incluido el facilitador\u2014 y aquello que cada asistente pueda brindar u originar.<\/p>\n\n\n\n<p><strong>Entendemos al arte y al hacer art\u00edstico como comunitarios.<\/strong> \u00abAquello que dejamos en la hoja\u00bb, nuestra expresi\u00f3n, al compartirse, puede ayudar a otro que tal vez no encuentra la forma de expresarse. Por eso, buscaremos que los recursos expresivos, cognitivos y visuales de los asistentes se entrelacen y se potencien mutuamente. Entonces, la palabra, el hacer y el consejo del compa\u00f1ero podr\u00e1n ser igual de valiosos que los del facilitador del taller, y la actitud y el comportamiento de todos y cada uno de los presentes impactar\u00e1n no solo en los momentos de presentaci\u00f3n de contenidos o intercambio de ideas, sino tambi\u00e9n en los de producci\u00f3n.<\/p>\n\n\n\n<p>Por este motivo, las encuestas \u2014visuales o t\u00e9cnicas\u2014, las devoluciones y las determinaciones a seguir no ser\u00e1n, salvo contados casos excepcionales, personales, sino grupales.<\/p>\n\n\n\n<p>Se buscar\u00e1, desde esa comunidad situada, alcanzar pr\u00f3ximas comunidades: las producciones de los asistentes actuales ser\u00e1n un legado para futuros asistentes, mediando \u2014bajo la luz de sus emociones y su hacer\u2014 tambi\u00e9n con obras y corrientes de arte que nos preceden o que se encuentran m\u00e1s all\u00e1 de nuestra proximidad.<\/p>\n\n\n\n<p><strong>En Tintoretto, todos aprendemos de todos<\/strong> \u2014principalmente el facilitador, que arrastra cierto bagaje conceptual\u2014 y damos forma al espacio que habitaremos juntos, a la par, sin olvidar que:<\/p>\n\n\n\n<ul class=\"wp-block-list\">\n<li><strong>Nada se construye solo<\/strong><\/li>\n\n\n\n<li>Sin quien acude, no hay encuentro<\/li>\n\n\n\n<li>Sin quien pregunte, no hay respuesta<\/li>\n\n\n\n<li>Sin quien busque, no hay hallazgo<\/li>\n\n\n\n<li>Sin quien imagine, no hay futuro<\/li>\n<\/ul>\n\n\n\n<p><strong>Concebimos al arte como actualidad<\/strong>, como un medio para expresar y reconocer nuestro presente. En este sentido, hacemos particular \u00e9nfasis en nuestros cuerpos como veh\u00edculos de la experiencia. (El arte comienza en el cuerpo \u2014y el cuerpo incluye la cabeza.) Creemos que la representaci\u00f3n \u2014ya sea material o mental\u2014 debe establecer una experiencia expresiva que indague sobre estos puntos. Intentaremos generar \u00abritos de significaci\u00f3n\u00bb, de interpretaci\u00f3n del mundo, entendiendo por ello el poder expresar lo que nos sucede, tratando de prevenir o atenuar respuestas que puedan da\u00f1arnos a nosotros mismos o a terceros. <\/p>\n\n\n\n<p>En los encuentros cotidianos, la exposici\u00f3n a est\u00edmulos visuales y lo dialogado durante las presentaciones toma un rol protag\u00f3nico frente a la comprensi\u00f3n concluida, el razonamiento estructurado, la t\u00e9cnica y su mim\u00e9tica, o incluso las producciones en s\u00ed. Comprenderemos como t\u00e9cnica a las herramientas que nos ayudar\u00e1n a materializar lo imaginado tal como lo hemos imaginado, dando mayor libertad a nuestra expresi\u00f3n y al uso que haremos de los materiales. Como el tim\u00f3n de un barco, la t\u00e9cnica, debe guiarnos en una navegaci\u00f3n atenta, sensible y en di\u00e1logo constante con el entorno y con nosotros mismos[1].<\/p>\n\n\n\n<p>Diego Baigorri<br>\u00a9 2022-2025<\/p>\n\n\n\n<hr class=\"wp-block-separator has-alpha-channel-opacity\" \/>\n\n\n\n<p>[1] Hace referencia a \u03ba\u03c5\u03b2\u03b5\u03c1\u03bd\u1fb6\u03bd, en griego antiguo, \u00abgobernar\u00bb o \u00abpilotear una nave\u00bb. Para Plat\u00f3n, el buen gobernante es como un timonel: sabe leer los vientos, ajustar el tim\u00f3n y adaptarse al movimiento del mar. As\u00ed tambi\u00e9n entendemos la t\u00e9cnica en el arte: una navegaci\u00f3n atenta, sensible y situada.<\/p>\n\n\n\n<div style=\"height:30px\" aria-hidden=\"true\" class=\"wp-block-spacer\"><\/div>\n\n\n\n<p><strong><a href=\"https:\/\/tallerestintoretto.com\/labs\/es\/arbol\/\" data-type=\"page\" data-id=\"8983\">Mapa del sitio<\/a><\/strong><\/p>\n\n\n\n<p>&gt; <strong>Secciones<\/strong>: <a href=\"https:\/\/tallerestintoretto.com\/labs\/es\/\" data-type=\"page\" data-id=\"6605\">Inicio<\/a> | <a href=\"https:\/\/tallerestintoretto.com\/labs\/es\/informacion\/\" data-type=\"page\" data-id=\"5837\">Informaci\u00f3n<\/a> | <a href=\"https:\/\/tallerestintoretto.com\/labs\/es\/sobretintoretto\/\" data-type=\"page\" data-id=\"6777\">Tintoretto<\/a> | <a href=\"https:\/\/tallerestintoretto.com\/labs\/es\/manifiesto\/\" data-type=\"page\" data-id=\"8041\">Manifiesto<\/a> | <a href=\"https:\/\/tallerestintoretto.com\/labs\/es\/ediciones\/\" data-type=\"page\" data-id=\"6917\">Ediciones<\/a><\/p>\n\n\n\n<blockquote class=\"wp-block-quote is-layout-flow wp-block-quote-is-layout-flow\"><\/blockquote>\n","protected":false},"excerpt":{"rendered":"<p>Todos damos forma al espacio expresivo al que pertenecemos. Por este motivo, las propuestas del taller son flexibles y situadas seg\u00fan cada encuentro, momento, lugar y asistentes. Creemos que lo expuesto y lo dialogado deben resonar con la realidad de cada participante, y que la teor\u00eda, necesariamente, debe cobrar sentido en la materialidad del hacer: [&hellip;]<\/p>\n","protected":false},"author":96739695,"featured_media":0,"parent":6605,"menu_order":0,"comment_status":"closed","ping_status":"closed","template":"","meta":{"footnotes":""},"class_list":["post-8041","page","type-page","status-publish","hentry"],"_links":{"self":[{"href":"https:\/\/tallerestintoretto.com\/labs\/wp-json\/wp\/v2\/pages\/8041","targetHints":{"allow":["GET"]}}],"collection":[{"href":"https:\/\/tallerestintoretto.com\/labs\/wp-json\/wp\/v2\/pages"}],"about":[{"href":"https:\/\/tallerestintoretto.com\/labs\/wp-json\/wp\/v2\/types\/page"}],"author":[{"embeddable":true,"href":"https:\/\/tallerestintoretto.com\/labs\/wp-json\/wp\/v2\/users\/96739695"}],"replies":[{"embeddable":true,"href":"https:\/\/tallerestintoretto.com\/labs\/wp-json\/wp\/v2\/comments?post=8041"}],"version-history":[{"count":8,"href":"https:\/\/tallerestintoretto.com\/labs\/wp-json\/wp\/v2\/pages\/8041\/revisions"}],"predecessor-version":[{"id":8801,"href":"https:\/\/tallerestintoretto.com\/labs\/wp-json\/wp\/v2\/pages\/8041\/revisions\/8801"}],"up":[{"embeddable":true,"href":"https:\/\/tallerestintoretto.com\/labs\/wp-json\/wp\/v2\/pages\/6605"}],"wp:attachment":[{"href":"https:\/\/tallerestintoretto.com\/labs\/wp-json\/wp\/v2\/media?parent=8041"}],"curies":[{"name":"wp","href":"https:\/\/api.w.org\/{rel}","templated":true}]}}