{"id":6777,"date":"2024-06-18T13:01:04","date_gmt":"2024-06-18T11:01:04","guid":{"rendered":"https:\/\/tallerestintoretto.com\/lab\/?page_id=6777"},"modified":"2025-06-23T15:04:45","modified_gmt":"2025-06-23T18:04:45","slug":"sobretintoretto","status":"publish","type":"page","link":"https:\/\/tallerestintoretto.com\/labs\/es\/sobretintoretto\/","title":{"rendered":"\u00bfPor qu\u00e9 Tintoretto? \ud83e\udd14"},"content":{"rendered":"\n<div class=\"wp-block-columns contenido_noventa is-layout-flex wp-container-core-columns-is-layout-9d6595d7 wp-block-columns-is-layout-flex\">\n<div class=\"wp-block-column is-layout-flow wp-block-column-is-layout-flow\" style=\"flex-basis:11%\"><\/div>\n\n\n\n<div class=\"wp-block-column is-layout-flow wp-block-column-is-layout-flow\" style=\"flex-basis:30%\"><div class=\"wp-block-image is-style-rounded\">\n<figure class=\"aligncenter size-full is-resized\"><img loading=\"lazy\" decoding=\"async\" width=\"480\" height=\"585\" src=\"https:\/\/diegobaigorri.com\/wp-assets\/uploads\/sites\/12\/2024\/06\/tintoretto_self_480.jpg\" alt=\"\" class=\"wp-image-6630\" style=\"aspect-ratio:1;object-fit:cover;width:215px;height:auto\" srcset=\"https:\/\/diegobaigorri.com\/wp-assets\/uploads\/sites\/12\/2024\/06\/tintoretto_self_480.jpg 480w, https:\/\/diegobaigorri.com\/wp-assets\/uploads\/sites\/12\/2024\/06\/tintoretto_self_480-246x300.jpg 246w\" sizes=\"auto, (max-width: 480px) 100vw, 480px\" \/><\/figure>\n<\/div><\/div>\n\n\n\n<div class=\"wp-block-column is-layout-flow wp-block-column-is-layout-flow\" style=\"flex-basis:47%\">\n<p><b>Tintoretto<\/b>&nbsp;(Jacopo Comin), fue un artista italiano que desarroll\u00f3 su trabajo, principalmente, en Venecia. En la puerta de su taller hab\u00eda un letrero que dec\u00eda: \u00ab<em>El dibujo de Miguel \u00c1ngel y el colorido de Tiziano<\/em>\u00bb. Su padre lo llev\u00f3, justamente, ante&nbsp;el famoso artista veneciano luego de que el peque\u00f1o Jacopo pintarrajeara las paredes de su tintorer\u00eda. As\u00ed, Tiziano habr\u00eda sido, brevemente, debido a que lo habr\u00eda considerado un competidor de temer, su \u00fanico maestro.<\/p>\n\n\n\n<p><strong>Dato \u00bb<\/strong>&nbsp;<em>Su apodo, Tintoretto, traducido como <em>peque\u00f1o tintorero al castellano<\/em><\/em><em>, se debe a la profesi\u00f3n de su padre.<\/em><\/p>\n<\/div>\n\n\n\n<div class=\"wp-block-column is-layout-flow wp-block-column-is-layout-flow\" style=\"flex-basis:11%\"><\/div>\n<\/div>\n\n\n\n<div style=\"height:35px\" aria-hidden=\"true\" class=\"wp-block-spacer solo_pc\"><\/div>\n\n\n\n<figure class=\"wp-block-image size-full contenido_noventa\"><img loading=\"lazy\" decoding=\"async\" width=\"1280\" height=\"485\" src=\"https:\/\/diegobaigorri.com\/wp-assets\/uploads\/sites\/12\/2024\/06\/img_tall_tinto_lavatorio.jpg\" alt=\"\" class=\"wp-image-6655\" style=\"object-fit:cover\" srcset=\"https:\/\/diegobaigorri.com\/wp-assets\/uploads\/sites\/12\/2024\/06\/img_tall_tinto_lavatorio.jpg 1280w, https:\/\/diegobaigorri.com\/wp-assets\/uploads\/sites\/12\/2024\/06\/img_tall_tinto_lavatorio-300x114.jpg 300w, https:\/\/diegobaigorri.com\/wp-assets\/uploads\/sites\/12\/2024\/06\/img_tall_tinto_lavatorio-1024x388.jpg 1024w, https:\/\/diegobaigorri.com\/wp-assets\/uploads\/sites\/12\/2024\/06\/img_tall_tinto_lavatorio-768x291.jpg 768w\" sizes=\"auto, (max-width: 1280px) 100vw, 1280px\" \/><figcaption class=\"wp-element-caption\"><strong><em>El Lavatorio<\/em><\/strong>, 1548-1549 (Museo del Prado de Madrid, Espa\u00f1a).<\/figcaption><\/figure>\n\n\n\n<div style=\"height:35px\" aria-hidden=\"true\" class=\"wp-block-spacer solo_pc\"><\/div>\n\n\n\n<div class=\"wp-block-columns contenido_noventa is-layout-flex wp-container-core-columns-is-layout-9d6595d7 wp-block-columns-is-layout-flex\">\n<div class=\"wp-block-column is-layout-flow wp-block-column-is-layout-flow\" style=\"flex-basis:45%\">\n<p>La expresi\u00f3n art\u00edstica de Tintoretto, en\u00e9rgica y vehemente, le vali\u00f3 el mote de \u00abIl Furioso\u00bb. Sus obras parecen enfocarse m\u00e1s en transmitir las emociones que en adaptarse a ciertos c\u00e1nones de belleza de la \u00e9poca. Tintoretto \u00abhac\u00eda hablar a los cuerpos\u00bb a trav\u00e9s de escorzos, claroscuros m\u00e1s que interesantes y visiones ir\u00f3nicas y desenfadadas.<\/p>\n\n\n\n<p>Trabajador incansable, para ganarse nuevos clientes, en ocasiones realizaba trabajos cobrando solo el costo de los materiales. Entre sus an\u00e9cdotas encontraremos muchas que dan testimonio de su habilidad para promocionarse.<\/p>\n<\/div>\n\n\n\n<div class=\"wp-block-column solo_pc is-layout-flow wp-block-column-is-layout-flow\"><\/div>\n\n\n\n<div class=\"wp-block-column is-layout-flow wp-block-column-is-layout-flow\" style=\"flex-basis:48%\">\n<p>Era un estudioso del lugar donde se emplazar\u00edan las obras y el impacto de las luces, sombras y puntos de vista en el observador. Como soporte de esta b\u00fasqueda probaba sus composiciones en peque\u00f1os teatros con figuras de cera.<\/p>\n\n\n\n<p>Fue reconocido, tambi\u00e9n, por la gran dimensi\u00f3n de muchas de sus obras.<\/p>\n\n\n\n<p><strong>Dato \u00bb<\/strong>&nbsp;<em>David Bowie, propietario de un Tintoretto, lo defini\u00f3 como un \u00abProto rock star\u00bb.<\/em><\/p>\n<\/div>\n<\/div>\n\n\n\n<p class=\"contenido_noventa\"><\/p>\n\n\n\n<div style=\"height:35px\" aria-hidden=\"true\" class=\"wp-block-spacer\"><\/div>\n\n\n\n<div class=\"wp-block-columns contenido_noventa is-layout-flex wp-container-core-columns-is-layout-9d6595d7 wp-block-columns-is-layout-flex\">\n<div class=\"wp-block-column is-layout-flow wp-block-column-is-layout-flow\" style=\"flex-basis:45%\">\n<figure class=\"wp-block-image size-large\"><img loading=\"lazy\" decoding=\"async\" width=\"1024\" height=\"446\" src=\"https:\/\/diegobaigorri.com\/wp-assets\/uploads\/sites\/12\/2024\/06\/Crucifixion-Tintoretto-1565-1024x446.jpg\" alt=\"\" class=\"wp-image-6677\" srcset=\"https:\/\/diegobaigorri.com\/wp-assets\/uploads\/sites\/12\/2024\/06\/Crucifixion-Tintoretto-1565-1024x446.jpg 1024w, https:\/\/diegobaigorri.com\/wp-assets\/uploads\/sites\/12\/2024\/06\/Crucifixion-Tintoretto-1565-300x131.jpg 300w, https:\/\/diegobaigorri.com\/wp-assets\/uploads\/sites\/12\/2024\/06\/Crucifixion-Tintoretto-1565-768x334.jpg 768w, https:\/\/diegobaigorri.com\/wp-assets\/uploads\/sites\/12\/2024\/06\/Crucifixion-Tintoretto-1565-1536x669.jpg 1536w, https:\/\/diegobaigorri.com\/wp-assets\/uploads\/sites\/12\/2024\/06\/Crucifixion-Tintoretto-1565.jpg 1837w\" sizes=\"auto, (max-width: 1024px) 100vw, 1024px\" \/><figcaption class=\"wp-element-caption\"><strong><em>La Crucifixi\u00f3n<\/em><\/strong>, 1565 (Scuola di San Rocco,&nbsp;Venecia, Italia). 518\u00d71224 cm<\/figcaption><\/figure>\n<\/div>\n\n\n\n<div class=\"wp-block-column solo_pc is-layout-flow wp-block-column-is-layout-flow\"><\/div>\n\n\n\n<div class=\"wp-block-column is-layout-flow wp-block-column-is-layout-flow\" style=\"flex-basis:48%\">\n<p>Por todo esto, consideramos al arte de Tintoretto un modelo para nuestros talleres y sus producciones, anteponiendo, la expresi\u00f3n aut\u00e9ntica, la presencia en el trazo y la pincelada y el impacto en el observador, a los c\u00e1nones de belleza. Sin dudas, cercano a nuestro ideal del arte como <a href=\"https:\/\/tallerestintoretto.com\/labs\/emociones\/\" data-type=\"page\" data-id=\"6848\">\u00abconductor de emociones\u00bb<\/a> o&nbsp;<a href=\"https:\/\/diegobaigorri.com\/arte\/\">\u00abconductor evolutivo masivo\u00bb<\/a>, Tintoretto interpela al contexto y al sujeto contemplativo.<\/p>\n<\/div>\n<\/div>\n\n\n\n<div class=\"wp-block-columns is-layout-flex wp-container-core-columns-is-layout-9d6595d7 wp-block-columns-is-layout-flex\">\n<div class=\"wp-block-column contenido_noventa is-layout-flow wp-block-column-is-layout-flow\">\n<div style=\"height:30px\" aria-hidden=\"true\" class=\"wp-block-spacer\"><\/div>\n\n\n\n<p><strong><a href=\"https:\/\/tallerestintoretto.com\/labs\/es\/arbol\/\" data-type=\"page\" data-id=\"8983\">Mapa del sitio<\/a><\/strong><\/p>\n\n\n\n<p>&gt; <strong>Secciones<\/strong>: <a href=\"https:\/\/tallerestintoretto.com\/labs\/es\/\" data-type=\"page\" data-id=\"6605\">Inicio<\/a> | <a href=\"https:\/\/tallerestintoretto.com\/labs\/es\/informacion\/\" data-type=\"page\" data-id=\"5837\">Informaci\u00f3n<\/a> | <a href=\"https:\/\/tallerestintoretto.com\/labs\/es\/sobretintoretto\/\" data-type=\"page\" data-id=\"6777\">Tintoretto<\/a> | <a href=\"https:\/\/tallerestintoretto.com\/labs\/es\/manifiesto\/\" data-type=\"page\" data-id=\"8041\">Manifiesto<\/a> | <a href=\"https:\/\/tallerestintoretto.com\/labs\/es\/ediciones\/\" data-type=\"page\" data-id=\"6917\">Ediciones<\/a><\/p>\n\n\n\n<blockquote class=\"wp-block-quote is-layout-flow wp-block-quote-is-layout-flow\"><\/blockquote>\n<\/div>\n<\/div>\n\n\n\n<div style=\"height:35px\" aria-hidden=\"true\" class=\"wp-block-spacer\"><\/div>\n","protected":false},"excerpt":{"rendered":"<p>Tintoretto&nbsp;(Jacopo Comin), fue un artista italiano que desarroll\u00f3 su trabajo, principalmente, en Venecia. En la puerta de su taller hab\u00eda un letrero que dec\u00eda: \u00abEl dibujo de Miguel \u00c1ngel y el colorido de Tiziano\u00bb. Su padre lo llev\u00f3, justamente, ante&nbsp;el famoso artista veneciano luego de que el peque\u00f1o Jacopo pintarrajeara las paredes de su tintorer\u00eda. [&hellip;]<\/p>\n","protected":false},"author":96739695,"featured_media":0,"parent":6605,"menu_order":0,"comment_status":"closed","ping_status":"closed","template":"page-templates\/template-pagina_ochenta.php","meta":{"footnotes":""},"class_list":["post-6777","page","type-page","status-publish","hentry"],"_links":{"self":[{"href":"https:\/\/tallerestintoretto.com\/labs\/wp-json\/wp\/v2\/pages\/6777","targetHints":{"allow":["GET"]}}],"collection":[{"href":"https:\/\/tallerestintoretto.com\/labs\/wp-json\/wp\/v2\/pages"}],"about":[{"href":"https:\/\/tallerestintoretto.com\/labs\/wp-json\/wp\/v2\/types\/page"}],"author":[{"embeddable":true,"href":"https:\/\/tallerestintoretto.com\/labs\/wp-json\/wp\/v2\/users\/96739695"}],"replies":[{"embeddable":true,"href":"https:\/\/tallerestintoretto.com\/labs\/wp-json\/wp\/v2\/comments?post=6777"}],"version-history":[{"count":25,"href":"https:\/\/tallerestintoretto.com\/labs\/wp-json\/wp\/v2\/pages\/6777\/revisions"}],"predecessor-version":[{"id":8908,"href":"https:\/\/tallerestintoretto.com\/labs\/wp-json\/wp\/v2\/pages\/6777\/revisions\/8908"}],"up":[{"embeddable":true,"href":"https:\/\/tallerestintoretto.com\/labs\/wp-json\/wp\/v2\/pages\/6605"}],"wp:attachment":[{"href":"https:\/\/tallerestintoretto.com\/labs\/wp-json\/wp\/v2\/media?parent=6777"}],"curies":[{"name":"wp","href":"https:\/\/api.w.org\/{rel}","templated":true}]}}