{"id":6605,"date":"2024-06-14T23:30:10","date_gmt":"2024-06-14T21:30:10","guid":{"rendered":"https:\/\/tallerestintoretto.com\/lab\/?page_id=6605"},"modified":"2026-05-08T17:58:51","modified_gmt":"2026-05-08T20:58:51","slug":"es","status":"publish","type":"page","link":"https:\/\/tallerestintoretto.com\/labs\/","title":{"rendered":"Inicio"},"content":{"rendered":"\n<div class=\"wp-block-columns contenido_noventa is-layout-flex wp-container-core-columns-is-layout-9d6595d7 wp-block-columns-is-layout-flex\">\n<div class=\"wp-block-column is-layout-flow wp-block-column-is-layout-flow\">\n<p class=\"has-text-align-center\">versione italiana \u00bb <a href=\"https:\/\/tallerestintoretto.com\/labs\/it\/\" data-type=\"page\" data-id=\"8719\">[ \ud83c\uddee\ud83c\uddf9 ]<\/a><\/p>\n\n\n\n<h2 class=\"wp-block-heading has-text-align-center has-x-large-font-size\">TINTORETTO<\/h2>\n\n\n\n<p class=\"has-text-align-center\">Laboratorio d&#8217;Arte<\/p>\n<\/div>\n<\/div>\n\n\n\n<div class=\"wp-block-group\"><div class=\"wp-block-group__inner-container is-layout-constrained wp-block-group-is-layout-constrained\">\n<div class=\"wp-block-columns are-vertically-aligned-center contenido_ochenta is-layout-flex wp-container-core-columns-is-layout-9d6595d7 wp-block-columns-is-layout-flex\">\n<div class=\"wp-block-column is-layout-flow wp-block-column-is-layout-flow\"><\/div>\n\n\n\n<div class=\"wp-block-column is-vertically-aligned-center is-layout-flow wp-block-column-is-layout-flow\" style=\"flex-basis:100%\">\n<h2 class=\"wp-block-heading has-text-align-center\">Propuesta 2026:<br>TINTORETTO \u00abLORE\u00bb<\/h2>\n\n\n\n<div style=\"height:20px\" aria-hidden=\"true\" class=\"wp-block-spacer\"><\/div>\n\n\n\n<div class=\"wp-block-columns contenido_ochenta is-layout-flex wp-container-core-columns-is-layout-9d6595d7 wp-block-columns-is-layout-flex\">\n<div class=\"wp-block-column is-layout-flow wp-block-column-is-layout-flow\"><\/div>\n\n\n\n<div class=\"wp-block-column is-layout-flow wp-block-column-is-layout-flow\"><\/div>\n\n\n\n<div class=\"wp-block-column is-layout-flow wp-block-column-is-layout-flow\" style=\"flex-basis:40%\">\n<p><strong>Tintoretto \u00abLore\u00bb<\/strong> es la nueva propuesta de los talleres para este 2026. Definimos a Lore como la historia de la historia, aquello que le da coherencia y sostiene el \u00abahora\u00bb. El objetivo de este ciclo ser\u00e1 el de elaborar un Lore com\u00fan entre todos los grupos y asistentes de los talleres. <\/p>\n\n\n\n<p><strong>\u00a1Va a estar muy bueno!<\/strong><\/p>\n\n\n\n<ul class=\"wp-block-list\">\n<li>\ud83d\udcc5 <strong>D\u00edas y horarios: <\/strong>Martes 16 a 17.30 hs, martes 18.15 a 19.45 hs y jueves 18 a 19.30 hs.<\/li>\n\n\n\n<li>\ud83d\udccd <strong>DICTADOS EN SAL\u00d3N FIRENZE<\/strong><br>de Sociedad Italiana Correa (Correa, SF).<\/li>\n<\/ul>\n<\/div>\n\n\n\n<div class=\"wp-block-column is-layout-flow wp-block-column-is-layout-flow\" style=\"flex-basis:33%\"><div class=\"wp-block-image no_margin_vert\">\n<figure class=\"aligncenter size-full\"><img loading=\"lazy\" decoding=\"async\" width=\"546\" height=\"461\" src=\"https:\/\/diegobaigorri.com\/wp-assets\/uploads\/sites\/12\/2026\/05\/2026_jac_lor_01_tint.jpg\" alt=\"\" class=\"wp-image-10430\" style=\"aspect-ratio:1.0500211697816488;object-fit:contain\" srcset=\"https:\/\/diegobaigorri.com\/wp-assets\/uploads\/sites\/12\/2026\/05\/2026_jac_lor_01_tint.jpg 546w, https:\/\/diegobaigorri.com\/wp-assets\/uploads\/sites\/12\/2026\/05\/2026_jac_lor_01_tint-300x253.jpg 300w\" sizes=\"auto, (max-width: 546px) 100vw, 546px\" \/><\/figure>\n<\/div>\n\n<div class=\"wp-block-image\">\n<figure class=\"aligncenter size-full is-resized\"><a href=\"https:\/\/www.instagram.com\/tallerestintoretto\/\" target=\"_blank\" rel=\" noreferrer noopener\"><img loading=\"lazy\" decoding=\"async\" width=\"890\" height=\"334\" src=\"https:\/\/diegobaigorri.com\/wp-assets\/uploads\/sites\/12\/2026\/05\/instagram-boton-01b.jpg\" alt=\"\u00a1Segu\u00ed el proceso en Instagram!\" class=\"wp-image-10418\" style=\"aspect-ratio:2.9020121053492556;width:164px;height:auto\" title=\"\u00a1Segu\u00ed el proceso en Instagram!\" srcset=\"https:\/\/diegobaigorri.com\/wp-assets\/uploads\/sites\/12\/2026\/05\/instagram-boton-01b.jpg 890w, https:\/\/diegobaigorri.com\/wp-assets\/uploads\/sites\/12\/2026\/05\/instagram-boton-01b-300x113.jpg 300w, https:\/\/diegobaigorri.com\/wp-assets\/uploads\/sites\/12\/2026\/05\/instagram-boton-01b-768x288.jpg 768w\" sizes=\"auto, (max-width: 890px) 100vw, 890px\" \/><\/a><\/figure>\n<\/div><\/div>\n\n\n\n<div class=\"wp-block-column is-layout-flow wp-block-column-is-layout-flow\"><\/div>\n<\/div>\n<\/div>\n\n\n\n<div class=\"wp-block-column is-vertically-aligned-center is-layout-flow wp-block-column-is-layout-flow\"><\/div>\n<\/div>\n<\/div><\/div>\n\n\n\n<div class=\"wp-block-columns is-layout-flex wp-container-core-columns-is-layout-9d6595d7 wp-block-columns-is-layout-flex\">\n<div class=\"wp-block-column is-layout-flow wp-block-column-is-layout-flow\"><\/div>\n\n\n\n<div class=\"wp-block-column contenido_ochenta is-layout-flow wp-block-column-is-layout-flow\" style=\"flex-basis:90%\">\n<hr class=\"wp-block-separator has-alpha-channel-opacity cien\" \/>\n<\/div>\n\n\n\n<div class=\"wp-block-column is-layout-flow wp-block-column-is-layout-flow\"><\/div>\n<\/div>\n\n\n\n<div class=\"wp-block-columns contenido_noventa is-layout-flex wp-container-core-columns-is-layout-9d6595d7 wp-block-columns-is-layout-flex\">\n<div class=\"wp-block-column contenido_noventa is-layout-flow wp-block-column-is-layout-flow\" style=\"flex-basis:100%\">\n<div class=\"wp-block-columns contenido_ochenta is-layout-flex wp-container-core-columns-is-layout-9d6595d7 wp-block-columns-is-layout-flex\">\n<div class=\"wp-block-column is-layout-flow wp-block-column-is-layout-flow\"><\/div>\n\n\n\n<div class=\"wp-block-column is-layout-flow wp-block-column-is-layout-flow\"><\/div>\n\n\n\n<div class=\"wp-block-column is-layout-flow wp-block-column-is-layout-flow\" style=\"flex-basis:33%\"><div class=\"wp-block-image no_margin_vert\">\n<figure class=\"alignleft size-full\"><img loading=\"lazy\" decoding=\"async\" width=\"569\" height=\"541\" src=\"https:\/\/diegobaigorri.com\/wp-assets\/uploads\/sites\/12\/2025\/12\/2025_12_jac_back_pin-1.jpg\" alt=\"\" class=\"wp-image-9854\" srcset=\"https:\/\/diegobaigorri.com\/wp-assets\/uploads\/sites\/12\/2025\/12\/2025_12_jac_back_pin-1.jpg 569w, https:\/\/diegobaigorri.com\/wp-assets\/uploads\/sites\/12\/2025\/12\/2025_12_jac_back_pin-1-300x285.jpg 300w\" sizes=\"auto, (max-width: 569px) 100vw, 569px\" \/><\/figure>\n<\/div><\/div>\n\n\n\n<div class=\"wp-block-column is-layout-flow wp-block-column-is-layout-flow\" style=\"flex-basis:40%\">\n<div style=\"height:15px\" aria-hidden=\"true\" class=\"wp-block-spacer\"><\/div>\n\n\n\n<p><strong>El Laboratorio d&#8217;Arte Tintoretto<\/strong> (aka Talleres Tintoretto) es un espacio que ofrece herramientas para que los asistentes expresen sus emociones a trav\u00e9s del arte. Como nos gusta decir, buscamos crear <em>rituales de significaci\u00f3n<\/em> o interpretaci\u00f3n del mundo. Con ello nos referimos a la posibilidad de expresar lo que nos sucede, buscando prevenir o atenuar respuestas m\u00e1s primitivas, como la violencia o ansiedad. <strong>Advertencia<\/strong>: primitivo en un sentido temporal, no jer\u00e1rquico.<\/p>\n\n\n\n<p class=\"has-text-align-left has-small-font-size\">Leer \u00bb <a href=\"https:\/\/tallerestintoretto.com\/labs\/es\/sobretintoretto\/\" data-type=\"page\" data-id=\"6777\">\u00bfPor qu\u00e9 Tintoretto?\ud83e\udd14<\/a><\/p>\n<\/div>\n\n\n\n<div class=\"wp-block-column is-layout-flow wp-block-column-is-layout-flow\"><\/div>\n<\/div>\n<\/div>\n<\/div>\n\n\n\n<div class=\"wp-block-columns contenido_noventa is-layout-flex wp-container-core-columns-is-layout-9d6595d7 wp-block-columns-is-layout-flex\">\n<div class=\"wp-block-column contenido_noventa is-layout-flow wp-block-column-is-layout-flow\" style=\"flex-basis:100%\">\n<div class=\"wp-block-columns is-layout-flex wp-container-core-columns-is-layout-9d6595d7 wp-block-columns-is-layout-flex\">\n<div class=\"wp-block-column is-layout-flow wp-block-column-is-layout-flow\"><\/div>\n\n\n\n<div class=\"wp-block-column contenido_ochenta is-layout-flow wp-block-column-is-layout-flow\" style=\"flex-basis:90%\">\n<hr class=\"wp-block-separator has-alpha-channel-opacity cien\" \/>\n<\/div>\n\n\n\n<div class=\"wp-block-column is-layout-flow wp-block-column-is-layout-flow\"><\/div>\n<\/div>\n\n\n\n<div class=\"wp-block-columns are-vertically-aligned-top contenido_ochenta is-layout-flex wp-container-core-columns-is-layout-9d6595d7 wp-block-columns-is-layout-flex\">\n<div class=\"wp-block-column is-layout-flow wp-block-column-is-layout-flow\"><\/div>\n\n\n\n<div class=\"wp-block-column is-vertically-aligned-top is-layout-flow wp-block-column-is-layout-flow\" style=\"flex-basis:35%\">\n<ul class=\"wp-block-list\">\n<li><strong>Nada se construye solo<\/strong><\/li>\n\n\n\n<li>Sin quien llegue, no hay encuentro<\/li>\n\n\n\n<li>Sin quien pregunte, no hay respuesta<\/li>\n\n\n\n<li>Sin quien busque, no hay hallazgo<\/li>\n\n\n\n<li>Sin quien imagine, no hay futuro<\/li>\n<\/ul>\n<\/div>\n\n\n\n<div class=\"wp-block-column is-vertically-aligned-top is-layout-flow wp-block-column-is-layout-flow\" style=\"flex-basis:50%\">\n<p><strong>Concebimos al arte como actualidad, como un medio para expresar y reconocer nuestro presente<\/strong>: las propuestas del taller buscan situarse en cada encuentro, cada momento, cada lugar y cada asistente.<\/p>\n\n\n\n<p><strong>En Tintoretto, todos aprendemos de todos, dando forma, juntos, al espacio expresivo que habitamos<\/strong><\/p>\n\n\n\n<p class=\"has-text-align-left has-small-font-size\">Leer \u00bb <a href=\"https:\/\/tallerestintoretto.com\/labs\/es\/manifiesto\/\" data-type=\"page\" data-id=\"8041\">Manifiesto Talleres Tintoretto<\/a><\/p>\n<\/div>\n\n\n\n<div class=\"wp-block-column is-layout-flow wp-block-column-is-layout-flow\"><\/div>\n<\/div>\n\n\n\n<div style=\"height:51px\" aria-hidden=\"true\" class=\"wp-block-spacer\"><\/div>\n\n\n\n<p class=\"has-text-align-center contenido_ochenta has-large-font-size\"><strong>Para que exista comunidad, debe haber compromiso<\/strong><\/p>\n\n\n\n<div style=\"height:29px\" aria-hidden=\"true\" class=\"wp-block-spacer\"><\/div>\n\n\n\n<div class=\"wp-block-columns contenido_ochenta is-layout-flex wp-container-core-columns-is-layout-9d6595d7 wp-block-columns-is-layout-flex\">\n<div class=\"wp-block-column is-layout-flow wp-block-column-is-layout-flow\" style=\"flex-basis:50%\">\n<p><strong>El compromiso es algo muy importante para nosotros: <\/strong>creemos plenamente que, para que exista comunidad, debe haber compromiso&#8230; y&#8230;<\/p>\n\n\n\n<p><strong>Tintoretto es comunidad<\/strong>. Esto se refleja en la total relevancia de de sus miembros incluso a la hora de preparar los contenidos, pensados en lo cada uno de los tintorettini puede aportar, tanto actitudinalmente como en cuestiones de conocimiento, buscando, en primer lugar, el intercambio y la palabra con el igual. Tambi\u00e9n, hemos buscado la intervenci\u00f3n o presencia de las personas cercanas a los asistentes, por ejemplo, a trav\u00e9s de est\u00edmulos visuales, sonoros o participaci\u00f3n en las redes.<\/p>\n<\/div>\n\n\n\n<div class=\"wp-block-column is-layout-flow wp-block-column-is-layout-flow\" style=\"flex-basis:50%\">\n<p>La importancia del individuo y del grupo, del entorno, de la comunidad, las incidencias de uno en otro. Todo esto es crucial para las tem\u00e1ticas que vemos. As\u00ed tambi\u00e9n el espacio al que daremos vida, situando en conjunto interrogantes tales: \u00bfc\u00f3mo es? \u00bfc\u00f3mo lo habitamos? \u00bfc\u00f3mo lo intervenimos? \u00bflo cuidamos? \u00bfestamos solos en \u00e9l? \u00bfc\u00f3mo lo compartimos? \u00bfdamos espacio a los dem\u00e1s?<\/p>\n\n\n\n<p><strong>\u00a1Nos estamos hablando!<\/strong><\/p>\n\n\n\n<p class=\"has-text-align-right\"><a href=\"https:\/\/www.instagram.com\/tallerestintoretto\/\">Seguinos en Instagram<\/a><\/p>\n<\/div>\n<\/div>\n\n\n<div class=\"wp-block-image\">\n<figure class=\"aligncenter size-full is-resized\"><img loading=\"lazy\" decoding=\"async\" width=\"429\" height=\"416\" src=\"https:\/\/diegobaigorri.com\/wp-assets\/uploads\/sites\/12\/2025\/12\/2025_12_jac_pin-2.jpg\" alt=\"\" class=\"wp-image-9846\" style=\"aspect-ratio:1.0313477110558806;width:253px;height:auto\" srcset=\"https:\/\/diegobaigorri.com\/wp-assets\/uploads\/sites\/12\/2025\/12\/2025_12_jac_pin-2.jpg 429w, https:\/\/diegobaigorri.com\/wp-assets\/uploads\/sites\/12\/2025\/12\/2025_12_jac_pin-2-300x291.jpg 300w\" sizes=\"auto, (max-width: 429px) 100vw, 429px\" \/><\/figure>\n<\/div>\n\n\n<div style=\"height:45px\" aria-hidden=\"true\" class=\"wp-block-spacer\"><\/div>\n\n\n\n<p class=\"has-text-align-center contenido_ochenta has-medium-font-size\"><strong>Desde 2024 a creamos nuestras propias herramientas creativas en versiones digitales y anal\u00f3gicas para que nadie quede fuera. <\/strong><\/p>\n\n\n\n<p class=\"has-text-align-center Seguinos en Instagram has-medium-font-size\">Esperamos poder brindar acceso p\u00fablico y gratuito en breve.<\/p>\n<\/div>\n<\/div>\n\n\n\n<div class=\"wp-block-columns is-layout-flex wp-container-core-columns-is-layout-9d6595d7 wp-block-columns-is-layout-flex\">\n<div class=\"wp-block-column is-layout-flow wp-block-column-is-layout-flow\"><\/div>\n\n\n\n<div class=\"wp-block-column contenido_ochenta is-layout-flow wp-block-column-is-layout-flow\" style=\"flex-basis:80%\">\n<hr class=\"wp-block-separator has-alpha-channel-opacity cien\" \/>\n<\/div>\n\n\n\n<div class=\"wp-block-column is-layout-flow wp-block-column-is-layout-flow\"><\/div>\n<\/div>\n\n\n\n<h3 class=\"wp-block-heading has-text-align-center contenido_noventa\">\u00daltimas ediciones<\/h3>\n\n\n\n<figure class=\"wp-block-gallery has-nested-images columns-2 is-cropped contenido wp-block-gallery-1 is-layout-flex wp-block-gallery-is-layout-flex\">\n<figure class=\"wp-block-image size-full\"><a href=\"https:\/\/tallerestintoretto.com\/labs\/es\/ediciones\/talleres2025\/\"><img loading=\"lazy\" decoding=\"async\" width=\"829\" height=\"507\" data-id=\"10063\" src=\"https:\/\/diegobaigorri.com\/wp-assets\/uploads\/sites\/12\/2025\/12\/tall_2025-2.jpg\" alt=\"\" class=\"wp-image-10063\" srcset=\"https:\/\/diegobaigorri.com\/wp-assets\/uploads\/sites\/12\/2025\/12\/tall_2025-2.jpg 829w, https:\/\/diegobaigorri.com\/wp-assets\/uploads\/sites\/12\/2025\/12\/tall_2025-2-300x183.jpg 300w, https:\/\/diegobaigorri.com\/wp-assets\/uploads\/sites\/12\/2025\/12\/tall_2025-2-768x470.jpg 768w\" sizes=\"auto, (max-width: 829px) 100vw, 829px\" \/><\/a><\/figure>\n\n\n\n<figure class=\"wp-block-image size-full\"><a href=\"https:\/\/tallerestintoretto.com\/labs\/es\/ediciones\/talleres2024\/\"><img loading=\"lazy\" decoding=\"async\" width=\"829\" height=\"507\" data-id=\"7673\" src=\"https:\/\/diegobaigorri.com\/wp-assets\/uploads\/sites\/12\/2024\/12\/tall_2024.jpg\" alt=\"\" class=\"wp-image-7673\" srcset=\"https:\/\/diegobaigorri.com\/wp-assets\/uploads\/sites\/12\/2024\/12\/tall_2024.jpg 829w, https:\/\/diegobaigorri.com\/wp-assets\/uploads\/sites\/12\/2024\/12\/tall_2024-300x183.jpg 300w, https:\/\/diegobaigorri.com\/wp-assets\/uploads\/sites\/12\/2024\/12\/tall_2024-768x470.jpg 768w\" sizes=\"auto, (max-width: 829px) 100vw, 829px\" \/><\/a><\/figure>\n<\/figure>\n\n\n\n<div class=\"wp-block-columns is-layout-flex wp-container-core-columns-is-layout-9d6595d7 wp-block-columns-is-layout-flex\">\n<div class=\"wp-block-column is-layout-flow wp-block-column-is-layout-flow\"><\/div>\n\n\n\n<div class=\"wp-block-column is-vertically-aligned-center texto_centrado is-layout-flow wp-block-column-is-layout-flow\" style=\"flex-basis:33%\">\n<p class=\"has-text-align-center boton chico borde_celeste\"><a href=\"#cierre\"><\/a><a href=\"https:\/\/tallerestintoretto.com\/labs\/es\/ediciones\/\" data-type=\"page\" data-id=\"6917\">VER EDICIONES ANTERIORES<\/a><\/p>\n<\/div>\n\n\n\n<div class=\"wp-block-column is-layout-flow wp-block-column-is-layout-flow\"><\/div>\n<\/div>\n\n\n<div class=\"wp-block-image\">\n<figure class=\"aligncenter size-full is-resized\"><img loading=\"lazy\" decoding=\"async\" width=\"417\" height=\"468\" src=\"https:\/\/diegobaigorri.com\/wp-assets\/uploads\/sites\/12\/2025\/12\/2025_12_jac_dipl.jpg\" alt=\"\" class=\"wp-image-9848\" style=\"width:250px\" srcset=\"https:\/\/diegobaigorri.com\/wp-assets\/uploads\/sites\/12\/2025\/12\/2025_12_jac_dipl.jpg 417w, https:\/\/diegobaigorri.com\/wp-assets\/uploads\/sites\/12\/2025\/12\/2025_12_jac_dipl-267x300.jpg 267w\" sizes=\"auto, (max-width: 417px) 100vw, 417px\" \/><\/figure>\n<\/div>\n\n\n<div class=\"wp-block-columns contenido_noventa is-layout-flex wp-container-core-columns-is-layout-9d6595d7 wp-block-columns-is-layout-flex\">\n<div class=\"wp-block-column contenido is-layout-flow wp-block-column-is-layout-flow\">\n<div style=\"height:34px\" aria-hidden=\"true\" class=\"wp-block-spacer\"><\/div>\n\n\n\n<p class=\"has-text-align-center recuadro_azul contenido_noventa\"><strong><strong>PROPUESTA<\/strong><\/strong>: <a href=\"https:\/\/tallerestintoretto.com\/labs\/es\/emociones\/\" data-type=\"page\" data-id=\"6848\">EL ARTE COMO CONDUCTOR DE EMOCIONES<\/a><\/p>\n\n\n\n<hr class=\"wp-block-separator has-alpha-channel-opacity cien\" \/>\n\n\n\n<h3 class=\"wp-block-heading\" id=\"coordinador\">Sobre el coordinador<\/h3>\n\n\n\n<p><strong>Diego Baigorri (Argentina, 1984)<\/strong>. Desde ni\u00f1o ha desarrollado su creatividad a trav\u00e9s del dibujo, m\u00fasica, literatura y programaci\u00f3n, realizando sus primeras exposiciones art\u00edsticas, publicaciones gr\u00e1ficas y aplicaciones inform\u00e1ticas a corta edad. Sus obras pict\u00f3ricas han sido expuestas, formando parte de cat\u00e1logos locales y ferias internacionales, en Paris, Nueva York, Londres, Roma, Barcelona y Dubai, entre otros lugares.<\/p>\n\n\n\n<p><strong>&gt; Enlaces:<\/strong>&nbsp;<a href=\"https:\/\/diegobaigorri.com\/\">Sitio<\/a> |&nbsp;<a href=\"https:\/\/diegobaigorri.com\/arte\/\">Dossier<\/a> |&nbsp;<a href=\"https:\/\/diegobaigorri.com\/arte\/exposiciones\/\">Exposiciones<\/a><\/p>\n\n\n\n<figure class=\"wp-block-image size-large\"><img loading=\"lazy\" decoding=\"async\" width=\"1024\" height=\"304\" src=\"https:\/\/diegobaigorri.com\/wp-assets\/uploads\/sites\/12\/2024\/06\/img_tall_02-1-1024x304.jpg\" alt=\"\" class=\"wp-image-6854\" srcset=\"https:\/\/diegobaigorri.com\/wp-assets\/uploads\/sites\/12\/2024\/06\/img_tall_02-1-1024x304.jpg 1024w, https:\/\/diegobaigorri.com\/wp-assets\/uploads\/sites\/12\/2024\/06\/img_tall_02-1-300x89.jpg 300w, https:\/\/diegobaigorri.com\/wp-assets\/uploads\/sites\/12\/2024\/06\/img_tall_02-1-768x228.jpg 768w, https:\/\/diegobaigorri.com\/wp-assets\/uploads\/sites\/12\/2024\/06\/img_tall_02-1.jpg 1488w\" sizes=\"auto, (max-width: 1024px) 100vw, 1024px\" \/><\/figure>\n<\/div>\n<\/div>\n\n\n\n<p class=\"has-text-align-center has-medium-font-size\"><strong><a href=\"https:\/\/tallerestintoretto.com\/labs\/es\/arbol\/\" data-type=\"page\" data-id=\"8983\">Mapa del sitio<\/a><\/strong><\/p>\n","protected":false},"excerpt":{"rendered":"<p>versione italiana \u00bb [ \ud83c\uddee\ud83c\uddf9 ] TINTORETTO Laboratorio d&#8217;Arte Propuesta 2026:TINTORETTO \u00abLORE\u00bb Tintoretto \u00abLore\u00bb es la nueva propuesta de los talleres para este 2026. Definimos a Lore como la historia de la historia, aquello que le da coherencia y sostiene el \u00abahora\u00bb. El objetivo de este ciclo ser\u00e1 el de elaborar un Lore com\u00fan entre [&hellip;]<\/p>\n","protected":false},"author":2,"featured_media":6655,"parent":0,"menu_order":0,"comment_status":"closed","ping_status":"closed","template":"page-templates\/template-tintoretto_home.php","meta":{"footnotes":""},"class_list":["post-6605","page","type-page","status-publish","has-post-thumbnail","hentry"],"_links":{"self":[{"href":"https:\/\/tallerestintoretto.com\/labs\/wp-json\/wp\/v2\/pages\/6605","targetHints":{"allow":["GET"]}}],"collection":[{"href":"https:\/\/tallerestintoretto.com\/labs\/wp-json\/wp\/v2\/pages"}],"about":[{"href":"https:\/\/tallerestintoretto.com\/labs\/wp-json\/wp\/v2\/types\/page"}],"author":[{"embeddable":true,"href":"https:\/\/tallerestintoretto.com\/labs\/wp-json\/wp\/v2\/users\/2"}],"replies":[{"embeddable":true,"href":"https:\/\/tallerestintoretto.com\/labs\/wp-json\/wp\/v2\/comments?post=6605"}],"version-history":[{"count":532,"href":"https:\/\/tallerestintoretto.com\/labs\/wp-json\/wp\/v2\/pages\/6605\/revisions"}],"predecessor-version":[{"id":10447,"href":"https:\/\/tallerestintoretto.com\/labs\/wp-json\/wp\/v2\/pages\/6605\/revisions\/10447"}],"wp:featuredmedia":[{"embeddable":true,"href":"https:\/\/tallerestintoretto.com\/labs\/wp-json\/wp\/v2\/media\/6655"}],"wp:attachment":[{"href":"https:\/\/tallerestintoretto.com\/labs\/wp-json\/wp\/v2\/media?parent=6605"}],"curies":[{"name":"wp","href":"https:\/\/api.w.org\/{rel}","templated":true}]}}